33
What are the prime factors of 6551201?
89, 73609
What are the prime factors of 2220649?
43, 1201
List the prime factors of 2691431.
2691431
What are the prime factors of 2291677?
2291677
What are the prime factors of 2745535?
5, 13, 42239
List the prime factors of 2705058.
2, 3, 67, 2243
What are the prime factors of 203133?
3, 7, 17, 569
What are the prime factors of 183993?
3, 61331
What are the prime factors of 1927727?
137, 14071
List the prime factors of 2951504.
2, 29, 6361
List the prime factors of 1738653.
3, 7, 82793
List the prime factors of 9991496.
2, 89, 14033
What are the prime factors of 3378266?
2, 47, 83, 433
List the prime factors of 26475832.
2, 41, 53, 1523
List the prime factors of 23887589.
11, 2171599
What are the prime factors of 16139523?
3, 607, 8863
What are the prime factors of 77659?
77659
What are the prime factors of 29172619?
7, 19, 43, 5101
List the prime factors of 249041.
13, 19157
What are the prime factors of 4663533?
3, 7, 222073
What are the prime factors of 661230?
2, 3, 5, 31, 79
List the prime factors of 294855.
3, 5, 11, 1787
List the prime factors of 445154.
2, 73, 3049
What are the prime factors of 604545?
3, 5, 41, 983
What are the prime factors of 774703?
774703
What are the prime factors of 558737?
37, 15101
List the prime factors of 323261.
59, 5479
List the prime factors of 61372.
2, 67, 229
What are the prime factors of 12892?
2, 11, 293
List the prime factors of 949187.
23, 41269
What are the prime factors of 10944362?
2, 11, 13, 17, 2251
List the prime factors of 2147922.
2, 3, 7, 17047
List the prime factors of 533560.
2, 5, 13339
List the prime factors of 390069.
3, 14447
List the prime factors of 298381.
29, 10289
List the prime factors of 62060.
2, 5, 29, 107
What are the prime factors of 25358912?
2, 37, 10709
What are the prime factors of 7405155?
3, 5, 19, 2887
List the prime factors of 166884.
2, 3, 13907
List the prime factors of 5177181.
3, 97, 17791
List the prime factors of 10678982.
2, 167, 31973
List the prime factors of 23888132.
2, 491, 12163
List the prime factors of 6543111.
3, 647, 3371
What are the prime factors of 1176304?
2, 37, 1987
What are the prime factors of 2082206?
2, 7, 21247
What are the prime factors of 253479?
3, 19, 4447
What are the prime factors of 72193?
11, 6563
What are the prime factors of 1456179?
3, 19, 59, 433
What are the prime factors of 541100?
2, 5, 7, 773
List the prime factors of 4134927.
3, 17, 81077
List the prime factors of 94019.
149, 631
List the prime factors of 4685259.
3, 1561753
What are the prime factors of 105475?
5, 4219
What are the prime factors of 4073245?
5, 11, 31, 2389
What are the prime factors of 119143?
283, 421
What are the prime factors of 275438?
2, 41, 3359
What are the prime factors of 17430249?
3, 83, 70001
What are the prime factors of 759615?
3, 5, 89, 569
What are the prime factors of 20447802?
2, 3, 113, 1117
List the prime factors of 1341853.
89, 15077
What are the prime factors of 372829?
372829
List the prime factors of 554351.
7, 79193
What are the prime factors of 6784819?
17, 399107
List the prime factors of 437841.
3, 48649
List the prime factors of 84218.
2, 17, 2477
What are the prime factors of 11075071?
7, 29, 89, 613
What are the prime factors of 191003?
409, 467
What are the prime factors of 904668?
2, 3, 75389
List the prime factors of 203787.
3, 22643
List the prime factors of 5786241.
3, 19, 101513
What are the prime factors of 23382172?
2, 11, 59, 9007
List the prime factors of 321395.
5, 64279
What are the prime factors of 762410?
2, 5, 11, 29, 239
What are the prime factors of 344683?
344683
What are the prime factors of 6516104?
2, 7, 116359
What are the prime factors of 26974070?
2, 5, 17, 101, 1571
List the prime factors of 17853083.
23, 776221
List the prime factors of 7231792.
2, 451987
List the prime factors of 23479721.
1171, 20051
What are the prime factors of 1002103?
283, 3541
What are the prime factors of 11445879?
3, 17, 224429
What are the prime factors of 2618003?
2618003
List the prime factors of 1957368.
2, 3, 7, 61, 191
List the prime factors of 23876705.
5, 47, 101603
What are the prime factors of 40050?
2, 3, 5, 89
What are the prime factors of 83130?
2, 3, 5, 17, 163
What are the prime factors of 134739?
3, 11, 1361
List the prime factors of 14454593.
14454593
List the prime factors of 219428.
2, 11, 4987
List the prime factors of 234238.
2, 117119
What are the prime factors of 328246?
2, 41, 4003
What are the prime factors of 2092806?
2, 3, 233, 499
List the prime factors of 220971.
3, 73, 1009
List the prime factors of 1296938.
2, 29, 59, 379
What are the prime factors of 1004035?
5, 200807
What are the prime factors of 1432346?
2, 716173
List the prime factors of 226984.
2, 17, 1669
List the prime factors of 5909307.
3, 37, 139, 383
What are the prime factors of 1943794?
2, 269, 3613
What are the prime factors of 1787525?
5, 127, 563
List the prime factors of 310375.
5, 13, 191
List the prime factors of 3624005.
5, 7, 11, 9413
List the prime factors of 258030.
2, 3, 5, 47, 61
What are the prime factors of 386349?
3, 89, 1447
List the prime factors of 8606057.
211, 40787
What are the prime factors of 2402009?
2402009
List the prime factors of 807924.
2, 3, 13, 5179
What are the prime factors of 338788?
2, 84697
What are the prime factors of 231904?
2, 7247
List the prime factors of 2094991.
2094991
What are the prime factors of 138918?
2, 3, 13, 137
What are the prime factors of 147775?
5, 23, 257
List the prime factors of 355896.
2, 3, 4943
List the prime factors of 3809781.
3, 149, 947
What are the prime factors of 6035565?
3, 5, 402371
What are the prime factors of 444743?
13, 34211
What are the prime factors of 12614?
2, 7, 17, 53
List the prime factors of 19167950.
2, 5, 523, 733
What are the prime factors of 53043?
3, 17681
List the prime factors of 76323.
3, 13, 19, 103
What are the prime factors of 9617453?
97, 99149
What are the prime factors of 2551968?
2, 3, 8861
What are the prime factors of 347485?
5, 69497
What are the prime factors of 126812?
2, 7, 647
List the prime factors of 2740659.
3, 191, 4783
What are the prime factors of 534162?
2, 3, 127, 701
What are the prime factors of 20426357?
7, 67, 97, 449
What are the prime factors of 1026942?
2, 3, 7, 499
What are the prime factors of 637015?
5, 127403
List the prime factors of 948859.
53, 17903
What are the prime factors of 1287360?
2, 3, 5, 149
What are the prime factors of 775433?
41, 18913
List the prime factors of 1967316.
2, 3, 13, 12611
List the prime factors of 243274.
2, 121637
What are the prime factors of 121158?
2, 3, 53, 127
What are the prime factors of 38836697?
43, 903179
List the prime factors of 1985898.
2, 3, 330983
What are the prime factors of 140392?
2, 7, 23, 109
What are the prime factors of 44419?
43, 1033
List the prime factors of 1574.
2, 787
What are the prime factors of 6546282?
2, 3, 1091047
List the prime factors of 219183.
3, 73061
List the prime factors of 1028457.
3, 12697
What are the prime factors of 2983549?
29, 102881
What are the prime factors of 556538?
2, 278269
List the prime factors of 13144281.
3, 17, 257731
What are the prime factors of 7388965?
5, 17, 86929
What are the prime factors of 277136?
2, 17321
List the prime factors of 1896977.
29, 65413
List the prime factors of 69453.
3, 7717
What are the prime factors of 1825408?
2, 13, 1097
List the prime factors of 989987.
53, 18679
What are the prime factors of 4073250?
2, 3, 5, 5431
What are the prime factors of 3450737?
3450737
What are the prime factors of 1720636?
2, 101, 4259
What are the prime factors of 7785335?
5, 1557067
List the prime factors of 370972.
2, 7, 13249
What are the prime factors of 492031?
17, 103, 281
List the prime factors of 61512.
2, 3, 11, 233
List the prime factors of 2045399.
29, 251, 281
What are the prime factors of 849971?
41, 20731
What are the prime factors of 12813784?
2, 17, 94219
What are the prime factors of 539108?
2, 134777
What are the prime factors of 534002?
2, 7, 5449
List the prime factors of 464764.
2, 116191
What are the prime factors of 162264?
2, 3, 6761
What are the prime factors of 12113501?
2081, 5821
List the prime factors of 19901030.
2, 5, 1990103
Li